{"id":4357,"date":"2020-05-17T18:25:20","date_gmt":"2020-05-17T18:25:20","guid":{"rendered":"https:\/\/atriumvitis.com\/tiendavinos\/?post_type=product&#038;p=4357"},"modified":"2026-04-29T10:27:40","modified_gmt":"2026-04-29T08:27:40","slug":"cata-virtual-av","status":"publish","type":"product","link":"https:\/\/atriumvitis.com\/tiendavinos\/producto\/cata-virtual-av\/","title":{"rendered":"Cata virtual AV"},"content":{"rendered":"\t\t<div data-elementor-type=\"product-post\" data-elementor-id=\"4357\" class=\"elementor elementor-4357\">\n\t\t\t\t\t\t<section class=\"elementor-section elementor-top-section elementor-element elementor-element-8bac77a elementor-section-boxed elementor-section-height-default elementor-section-height-default\" data-id=\"8bac77a\" data-element_type=\"section\">\n\t\t\t\t\t\t<div class=\"elementor-container elementor-column-gap-default\">\n\t\t\t\t\t<div class=\"elementor-column elementor-col-100 elementor-top-column elementor-element elementor-element-cf587b3\" data-id=\"cf587b3\" data-element_type=\"column\">\n\t\t\t<div class=\"elementor-widget-wrap elementor-element-populated\">\n\t\t\t\t\t\t<div class=\"elementor-element elementor-element-24169ec elementor-widget elementor-widget-text-editor\" data-id=\"24169ec\" data-element_type=\"widget\" data-widget_type=\"text-editor.default\">\n\t\t\t\t<div class=\"elementor-widget-container\">\n\t\t\t\t\t\t\t<p>Cata virtual de 1 hora en compa\u00f1\u00eda de Ana Gad\u00edn, fundadora de la bodega Atrium Vitis.\u00a0 Consiste en catar varias referencias desde casa, exponiendo con todo lujo de detalles las historias que &#8220;envuelven&#8221; nuestros vinos&#8230; y descubrir claves para maridarlos!!<\/p><p>Conocer\u00e1s la Ribeira Sacra, una zona de Galicia llena de matices y donde se sit\u00faa el &#8220;Geoparque Mundial Monta\u00f1as do Courel&#8221;.<\/p><p>Despu\u00e9s de vivir esta experiencia, cuando vayas &#8220;de vinos&#8221;, podr\u00e1s disfrutar\u00a0<span style=\"font-family: 'Roboto Condensed'; font-size: 18px; font-style: normal; font-variant-ligatures: normal; font-variant-caps: normal; font-weight: 600;\">mucho m\u00e1s de\u00a0<\/span><span style=\"font-size: 18px;\">esos momentos en compa\u00f1\u00eda de tus amigos y familia.\u00a0<\/span><\/p><p><span style=\"font-size: 18px;\">\u00a0<\/span><\/p><p>Si quieres vivir esta experiencia fascinante, sigue estos pasos:<\/p><p>1.- Elige el d\u00eda y la hora en el calendario (abajo), y<\/p><p><span style=\"font-size: 18px;\">2.- A\u00f1ade la cata al carrito, adem\u00e1s de los vinos que te gusten o quieras probar y finaliza la compra.<\/span><strong style=\"font-size: 18px;\"> Y ya est\u00e1!! Nos veremos en la fecha que has elegido.<\/strong><\/p>\t\t\t\t\t\t<\/div>\n\t\t\t\t<\/div>\n\t\t\t\t\t<\/div>\n\t\t<\/div>\n\t\t\t\t\t<\/div>\n\t\t<\/section>\n\t\t\t\t<section class=\"elementor-section elementor-top-section elementor-element elementor-element-e6ade8e elementor-section-boxed elementor-section-height-default elementor-section-height-default\" data-id=\"e6ade8e\" data-element_type=\"section\">\n\t\t\t\t\t\t<div class=\"elementor-container elementor-column-gap-default\">\n\t\t\t\t\t<div class=\"elementor-column elementor-col-100 elementor-top-column elementor-element elementor-element-1cfbeea\" data-id=\"1cfbeea\" data-element_type=\"column\">\n\t\t\t<div class=\"elementor-widget-wrap elementor-element-populated\">\n\t\t\t\t\t\t<div class=\"elementor-element elementor-element-cfba7a6 elementor-widget elementor-widget-text-editor\" data-id=\"cfba7a6\" data-element_type=\"widget\" data-widget_type=\"text-editor.default\">\n\t\t\t\t<div class=\"elementor-widget-container\">\n\t\t\t\t\t\t\t<!-- Principio del widget integrado de Calendly -->\n<div class=\"calendly-inline-widget\" data-url=\"https:\/\/calendly.com\/atriumvitis\/cata-virtual-av\" style=\"min-width:320px;height:630px;\"><\/div>\n<script type=\"text\/javascript\" src=\"https:\/\/assets.calendly.com\/assets\/external\/widget.js\"><\/script>\n<!-- Final del widget integrado de Calendly -->\t\t\t\t\t\t<\/div>\n\t\t\t\t<\/div>\n\t\t\t\t\t<\/div>\n\t\t<\/div>\n\t\t\t\t\t<\/div>\n\t\t<\/section>\n\t\t\t\t<\/div>\n\t\t","protected":false},"excerpt":{"rendered":"<p>Cata virtual de 1 hora en compa\u00f1\u00eda de Ana Gad\u00edn, fundadora de la bodega Atrium Vitis, y a trav\u00e9s de videoconferencia. Te indicaremos c\u00f3mo unirte a la misma cuando la confirmes. Disponible para cualquier dispositivo.<\/p>\n","protected":false},"featured_media":6357,"comment_status":"open","ping_status":"closed","template":"","meta":{"ocean_post_layout":"","ocean_both_sidebars_style":"","ocean_both_sidebars_content_width":0,"ocean_both_sidebars_sidebars_width":0,"ocean_sidebar":"0","ocean_second_sidebar":"0","ocean_disable_margins":"enable","ocean_add_body_class":"","ocean_shortcode_before_top_bar":"","ocean_shortcode_after_top_bar":"","ocean_shortcode_before_header":"","ocean_shortcode_after_header":"","ocean_has_shortcode":"","ocean_shortcode_after_title":"","ocean_shortcode_before_footer_widgets":"","ocean_shortcode_after_footer_widgets":"","ocean_shortcode_before_footer_bottom":"","ocean_shortcode_after_footer_bottom":"","ocean_display_top_bar":"default","ocean_display_header":"default","ocean_header_style":"","ocean_center_header_left_menu":"0","ocean_custom_header_template":"0","ocean_custom_logo":0,"ocean_custom_retina_logo":0,"ocean_custom_logo_max_width":0,"ocean_custom_logo_tablet_max_width":0,"ocean_custom_logo_mobile_max_width":0,"ocean_custom_logo_max_height":0,"ocean_custom_logo_tablet_max_height":0,"ocean_custom_logo_mobile_max_height":0,"ocean_header_custom_menu":"0","ocean_menu_typo_font_family":"0","ocean_menu_typo_font_subset":"","ocean_menu_typo_font_size":0,"ocean_menu_typo_font_size_tablet":0,"ocean_menu_typo_font_size_mobile":0,"ocean_menu_typo_font_size_unit":"px","ocean_menu_typo_font_weight":"","ocean_menu_typo_font_weight_tablet":"","ocean_menu_typo_font_weight_mobile":"","ocean_menu_typo_transform":"","ocean_menu_typo_transform_tablet":"","ocean_menu_typo_transform_mobile":"","ocean_menu_typo_line_height":0,"ocean_menu_typo_line_height_tablet":0,"ocean_menu_typo_line_height_mobile":0,"ocean_menu_typo_line_height_unit":"","ocean_menu_typo_spacing":0,"ocean_menu_typo_spacing_tablet":0,"ocean_menu_typo_spacing_mobile":0,"ocean_menu_typo_spacing_unit":"","ocean_menu_link_color":"","ocean_menu_link_color_hover":"","ocean_menu_link_color_active":"","ocean_menu_link_background":"","ocean_menu_link_hover_background":"","ocean_menu_link_active_background":"","ocean_menu_social_links_bg":"","ocean_menu_social_hover_links_bg":"","ocean_menu_social_links_color":"","ocean_menu_social_hover_links_color":"","ocean_disable_title":"default","ocean_disable_heading":"default","ocean_post_title":"","ocean_post_subheading":"","ocean_post_title_style":"","ocean_post_title_background_color":"","ocean_post_title_background":0,"ocean_post_title_bg_image_position":"","ocean_post_title_bg_image_attachment":"","ocean_post_title_bg_image_repeat":"","ocean_post_title_bg_image_size":"","ocean_post_title_height":0,"ocean_post_title_bg_overlay":0.5,"ocean_post_title_bg_overlay_color":"","ocean_disable_breadcrumbs":"default","ocean_breadcrumbs_color":"","ocean_breadcrumbs_separator_color":"","ocean_breadcrumbs_links_color":"","ocean_breadcrumbs_links_hover_color":"","ocean_display_footer_widgets":"default","ocean_display_footer_bottom":"default","ocean_custom_footer_template":"0"},"yoast_head":"<!-- This site is optimized with the Yoast SEO plugin v14.4.1 - https:\/\/yoast.com\/wordpress\/plugins\/seo\/ -->\n<title>Cata virtual AV - Bodega Atrium Vitis | Vinos de parcela<\/title>\n<meta name=\"robots\" content=\"index, follow\" \/>\n<meta name=\"googlebot\" content=\"index, follow, max-snippet:-1, max-image-preview:large, max-video-preview:-1\" \/>\n<meta name=\"bingbot\" content=\"index, follow, max-snippet:-1, max-image-preview:large, max-video-preview:-1\" \/>\n<link rel=\"canonical\" href=\"https:\/\/atriumvitis.com\/tiendavinos\/producto\/cata-virtual-av\/\" \/>\n<meta property=\"og:locale\" content=\"es_ES\" \/>\n<meta property=\"og:type\" content=\"article\" \/>\n<meta property=\"og:title\" content=\"Cata virtual AV - Bodega Atrium Vitis | Vinos de parcela\" \/>\n<meta property=\"og:description\" content=\"Cata virtual de 1 hora en compa\u00f1\u00eda de Ana Gad\u00edn, fundadora de la bodega Atrium Vitis, y a trav\u00e9s de videoconferencia. Te indicaremos c\u00f3mo unirte a la misma cuando la confirmes. Disponible para cualquier dispositivo.\" \/>\n<meta property=\"og:url\" content=\"https:\/\/atriumvitis.com\/tiendavinos\/producto\/cata-virtual-av\/\" \/>\n<meta property=\"og:site_name\" content=\"Bodega Atrium Vitis | Vinos de parcela\" \/>\n<meta property=\"article:modified_time\" content=\"2026-04-29T08:27:40+00:00\" \/>\n<meta property=\"og:image\" content=\"https:\/\/atriumvitis.com\/tiendavinos\/wp-content\/uploads\/2020\/05\/foto_cata_web.jpg\" \/>\n\t<meta property=\"og:image:width\" content=\"1080\" \/>\n\t<meta property=\"og:image:height\" content=\"996\" \/>\n<meta name=\"twitter:card\" content=\"summary_large_image\" \/>\n<script type=\"application\/ld+json\" class=\"yoast-schema-graph\">{\"@context\":\"https:\/\/schema.org\",\"@graph\":[{\"@type\":\"Organization\",\"@id\":\"https:\/\/atriumvitis.com\/tiendavinos\/#organization\",\"name\":\"Atrium Vitis Bodega\",\"url\":\"https:\/\/atriumvitis.com\/tiendavinos\/\",\"sameAs\":[],\"logo\":{\"@type\":\"ImageObject\",\"@id\":\"https:\/\/atriumvitis.com\/tiendavinos\/#logo\",\"inLanguage\":\"es\",\"url\":\"https:\/\/atriumvitis.com\/tiendavinos\/wp-content\/uploads\/2020\/04\/logo_atriumvitis_46Kb-200px_ancho.png\",\"width\":200,\"height\":185,\"caption\":\"Atrium Vitis Bodega\"},\"image\":{\"@id\":\"https:\/\/atriumvitis.com\/tiendavinos\/#logo\"}},{\"@type\":\"WebSite\",\"@id\":\"https:\/\/atriumvitis.com\/tiendavinos\/#website\",\"url\":\"https:\/\/atriumvitis.com\/tiendavinos\/\",\"name\":\"Bodega Atrium Vitis | Vinos de parcela\",\"description\":\"Vinos de Ribeira Sacra elaborados por Bodega Atrium Vitis\",\"publisher\":{\"@id\":\"https:\/\/atriumvitis.com\/tiendavinos\/#organization\"},\"potentialAction\":[{\"@type\":\"SearchAction\",\"target\":\"https:\/\/atriumvitis.com\/tiendavinos\/?s={search_term_string}\",\"query-input\":\"required name=search_term_string\"}],\"inLanguage\":\"es\"},{\"@type\":\"ImageObject\",\"@id\":\"https:\/\/atriumvitis.com\/tiendavinos\/producto\/cata-virtual-av\/#primaryimage\",\"inLanguage\":\"es\",\"url\":\"https:\/\/atriumvitis.com\/tiendavinos\/wp-content\/uploads\/2020\/05\/foto_cata_web.jpg\",\"width\":1080,\"height\":996},{\"@type\":\"WebPage\",\"@id\":\"https:\/\/atriumvitis.com\/tiendavinos\/producto\/cata-virtual-av\/#webpage\",\"url\":\"https:\/\/atriumvitis.com\/tiendavinos\/producto\/cata-virtual-av\/\",\"name\":\"Cata virtual AV - Bodega Atrium Vitis | Vinos de parcela\",\"isPartOf\":{\"@id\":\"https:\/\/atriumvitis.com\/tiendavinos\/#website\"},\"primaryImageOfPage\":{\"@id\":\"https:\/\/atriumvitis.com\/tiendavinos\/producto\/cata-virtual-av\/#primaryimage\"},\"datePublished\":\"2020-05-17T18:25:20+00:00\",\"dateModified\":\"2026-04-29T08:27:40+00:00\",\"inLanguage\":\"es\",\"potentialAction\":[{\"@type\":\"ReadAction\",\"target\":[\"https:\/\/atriumvitis.com\/tiendavinos\/producto\/cata-virtual-av\/\"]}]}]}<\/script>\n<!-- \/ Yoast SEO plugin. -->","_links":{"self":[{"href":"https:\/\/atriumvitis.com\/tiendavinos\/wp-json\/wp\/v2\/product\/4357"}],"collection":[{"href":"https:\/\/atriumvitis.com\/tiendavinos\/wp-json\/wp\/v2\/product"}],"about":[{"href":"https:\/\/atriumvitis.com\/tiendavinos\/wp-json\/wp\/v2\/types\/product"}],"replies":[{"embeddable":true,"href":"https:\/\/atriumvitis.com\/tiendavinos\/wp-json\/wp\/v2\/comments?post=4357"}],"version-history":[{"count":12,"href":"https:\/\/atriumvitis.com\/tiendavinos\/wp-json\/wp\/v2\/product\/4357\/revisions"}],"predecessor-version":[{"id":6356,"href":"https:\/\/atriumvitis.com\/tiendavinos\/wp-json\/wp\/v2\/product\/4357\/revisions\/6356"}],"wp:featuredmedia":[{"embeddable":true,"href":"https:\/\/atriumvitis.com\/tiendavinos\/wp-json\/wp\/v2\/media\/6357"}],"wp:attachment":[{"href":"https:\/\/atriumvitis.com\/tiendavinos\/wp-json\/wp\/v2\/media?parent=4357"}],"curies":[{"name":"wp","href":"https:\/\/api.w.org\/{rel}","templated":true}]}}

<div data-elementor-type="product-post" data-elementor-id="4357" class="elementor elementor-4357">
						<section class="elementor-section elementor-top-section elementor-element elementor-element-8bac77a elementor-section-boxed elementor-section-height-default elementor-section-height-default" data-id="8bac77a" data-element_type="section">
						<div class="elementor-container elementor-column-gap-default">
					<div class="elementor-column elementor-col-100 elementor-top-column elementor-element elementor-element-cf587b3" data-id="cf587b3" data-element_type="column">
			<div class="elementor-widget-wrap elementor-element-populated">
						<div class="elementor-element elementor-element-24169ec elementor-widget elementor-widget-text-editor" data-id="24169ec" data-element_type="widget" data-widget_type="text-editor.default">
				<div class="elementor-widget-container">
							<p>Cata virtual de 1 hora en compañía de Ana Gadín, fundadora de la bodega Atrium Vitis.  Consiste en catar varias referencias desde casa, exponiendo con todo lujo de detalles las historias que &#8220;envuelven&#8221; nuestros vinos&#8230; y descubrir claves para maridarlos!!</p><p>Conocerás la Ribeira Sacra, una zona de Galicia llena de matices y donde se sitúa el &#8220;Geoparque Mundial Montañas do Courel&#8221;.</p><p>Después de vivir esta experiencia, cuando vayas &#8220;de vinos&#8221;, podrás disfrutar <span style="font-family: 'Roboto Condensed'; font-size: 18px; font-style: normal; font-variant-ligatures: normal; font-variant-caps: normal; font-weight: 600;">mucho más de </span><span style="font-size: 18px;">esos momentos en compañía de tus amigos y familia. </span></p><p><span style="font-size: 18px;"> </span></p><p>Si quieres vivir esta experiencia fascinante, sigue estos pasos:</p><p>1.- Elige el día y la hora en el calendario (abajo), y</p><p><span style="font-size: 18px;">2.- Añade la cata al carrito, además de los vinos que te gusten o quieras probar y finaliza la compra.</span><strong style="font-size: 18px;"> Y ya está!! Nos veremos en la fecha que has elegido.</strong></p>						</div>
				</div>
					</div>
		</div>
					</div>
		</section>
				<section class="elementor-section elementor-top-section elementor-element elementor-element-e6ade8e elementor-section-boxed elementor-section-height-default elementor-section-height-default" data-id="e6ade8e" data-element_type="section">
						<div class="elementor-container elementor-column-gap-default">
					<div class="elementor-column elementor-col-100 elementor-top-column elementor-element elementor-element-1cfbeea" data-id="1cfbeea" data-element_type="column">
			<div class="elementor-widget-wrap elementor-element-populated">
						<div class="elementor-element elementor-element-cfba7a6 elementor-widget elementor-widget-text-editor" data-id="cfba7a6" data-element_type="widget" data-widget_type="text-editor.default">
				<div class="elementor-widget-container">
							<!-- Principio del widget integrado de Calendly -->
<div class="calendly-inline-widget" data-url="https://calendly.com/atriumvitis/cata-virtual-av" style="min-width:320px;height:630px;"></div>
<script type="text/javascript" src="https://assets.calendly.com/assets/external/widget.js"></script>
<!-- Final del widget integrado de Calendly -->						</div>
				</div>
					</div>
		</div>
					</div>
		</section>
				</div>

<p>Cata virtual de 1 hora en compañía de Ana Gadín, fundadora de la bodega Atrium Vitis, y a través de videoconferencia. Te indicaremos cómo unirte a la misma cuando la confirmes. Disponible para cualquier dispositivo.</p>

<!-- This site is optimized with the Yoast SEO plugin v14.4.1 - https://yoast.com/wordpress/plugins/seo/ -->
<title>Cata virtual AV - Bodega Atrium Vitis | Vinos de parcela</title>
<meta name="robots" content="index, follow" />
<meta name="googlebot" content="index, follow, max-snippet:-1, max-image-preview:large, max-video-preview:-1" />
<meta name="bingbot" content="index, follow, max-snippet:-1, max-image-preview:large, max-video-preview:-1" />
<link rel="canonical" href="https://atriumvitis.com/tiendavinos/producto/cata-virtual-av/" />
<meta property="og:locale" content="es_ES" />
<meta property="og:type" content="article" />
<meta property="og:title" content="Cata virtual AV - Bodega Atrium Vitis | Vinos de parcela" />
<meta property="og:description" content="Cata virtual de 1 hora en compañía de Ana Gadín, fundadora de la bodega Atrium Vitis, y a través de videoconferencia. Te indicaremos cómo unirte a la misma cuando la confirmes. Disponible para cualquier dispositivo." />
<meta property="og:url" content="https://atriumvitis.com/tiendavinos/producto/cata-virtual-av/" />
<meta property="og:site_name" content="Bodega Atrium Vitis | Vinos de parcela" />
<meta property="article:modified_time" content="2026-04-29T08:27:40+00:00" />
<meta property="og:image" content="https://atriumvitis.com/tiendavinos/wp-content/uploads/2020/05/foto_cata_web.jpg" />
	<meta property="og:image:width" content="1080" />
	<meta property="og:image:height" content="996" />
<meta name="twitter:card" content="summary_large_image" />
<script type="application/ld+json" class="yoast-schema-graph">{"@context":"https://schema.org","@graph":[{"@type":"Organization","@id":"https://atriumvitis.com/tiendavinos/#organization","name":"Atrium Vitis Bodega","url":"https://atriumvitis.com/tiendavinos/","sameAs":[],"logo":{"@type":"ImageObject","@id":"https://atriumvitis.com/tiendavinos/#logo","inLanguage":"es","url":"https://atriumvitis.com/tiendavinos/wp-content/uploads/2020/04/logo_atriumvitis_46Kb-200px_ancho.png","width":200,"height":185,"caption":"Atrium Vitis Bodega"},"image":{"@id":"https://atriumvitis.com/tiendavinos/#logo"}},{"@type":"WebSite","@id":"https://atriumvitis.com/tiendavinos/#website","url":"https://atriumvitis.com/tiendavinos/","name":"Bodega Atrium Vitis | Vinos de parcela","description":"Vinos de Ribeira Sacra elaborados por Bodega Atrium Vitis","publisher":{"@id":"https://atriumvitis.com/tiendavinos/#organization"},"potentialAction":[{"@type":"SearchAction","target":"https://atriumvitis.com/tiendavinos/?s={search_term_string}","query-input":"required name=search_term_string"}],"inLanguage":"es"},{"@type":"ImageObject","@id":"https://atriumvitis.com/tiendavinos/producto/cata-virtual-av/#primaryimage","inLanguage":"es","url":"https://atriumvitis.com/tiendavinos/wp-content/uploads/2020/05/foto_cata_web.jpg","width":1080,"height":996},{"@type":"WebPage","@id":"https://atriumvitis.com/tiendavinos/producto/cata-virtual-av/#webpage","url":"https://atriumvitis.com/tiendavinos/producto/cata-virtual-av/","name":"Cata virtual AV - Bodega Atrium Vitis | Vinos de parcela","isPartOf":{"@id":"https://atriumvitis.com/tiendavinos/#website"},"primaryImageOfPage":{"@id":"https://atriumvitis.com/tiendavinos/producto/cata-virtual-av/#primaryimage"},"datePublished":"2020-05-17T18:25:20+00:00","dateModified":"2026-04-29T08:27:40+00:00","inLanguage":"es","potentialAction":[{"@type":"ReadAction","target":["https://atriumvitis.com/tiendavinos/producto/cata-virtual-av/"]}]}]}</script>
<!-- / Yoast SEO plugin. -->
