{"id":8781,"date":"2024-03-07T13:44:23","date_gmt":"2024-03-07T12:44:23","guid":{"rendered":"https:\/\/atriumvitis.com\/tiendavinos\/?page_id=8781"},"modified":"2024-03-07T13:47:23","modified_gmt":"2024-03-07T12:47:23","slug":"declaracion-de-accesibilidad","status":"publish","type":"page","link":"https:\/\/atriumvitis.com\/tiendavinos\/declaracion-de-accesibilidad\/","title":{"rendered":"Declaraci\u00f3n de accesibilidad"},"content":{"rendered":"\t\t<div data-elementor-type=\"wp-page\" data-elementor-id=\"8781\" class=\"elementor elementor-8781\">\n\t\t\t\t\t\t<section class=\"elementor-section elementor-top-section elementor-element elementor-element-6de2c777 elementor-section-boxed elementor-section-height-default elementor-section-height-default\" data-id=\"6de2c777\" data-element_type=\"section\">\n\t\t\t\t\t\t<div class=\"elementor-container elementor-column-gap-default\">\n\t\t\t\t\t<div class=\"elementor-column elementor-col-100 elementor-top-column elementor-element elementor-element-38535d78\" data-id=\"38535d78\" data-element_type=\"column\">\n\t\t\t<div class=\"elementor-widget-wrap elementor-element-populated\">\n\t\t\t\t\t\t<div class=\"elementor-element elementor-element-b0732fd elementor-widget elementor-widget-heading\" data-id=\"b0732fd\" data-element_type=\"widget\" data-widget_type=\"heading.default\">\n\t\t\t\t<div class=\"elementor-widget-container\">\n\t\t\t<h1 class=\"elementor-heading-title elementor-size-default\">Accesibilidad<\/h1>\t\t<\/div>\n\t\t\t\t<\/div>\n\t\t\t\t<div class=\"elementor-element elementor-element-16534e2f elementor-widget elementor-widget-text-editor\" data-id=\"16534e2f\" data-element_type=\"widget\" data-widget_type=\"text-editor.default\">\n\t\t\t\t<div class=\"elementor-widget-container\">\n\t\t\t\t\t\t\t<p><!-- wp:heading --><\/p>\n<h2><strong>Pol\u00edtica de accesibilidad<\/strong><\/h2>\n<p>La particular Ana Mar\u00eda Gad\u00edn Gonz\u00e1lez se ha comprometido a hacer accesible su sitio web de conformidad con el Real Decreto 1112\/2018, de 7 de septiembre, sobre accesibilidad de los sitios web y aplicaciones para dispositivos m\u00f3viles del sector p\u00fablico, o desarrollos financiados desde Europa.<\/p>\n<p>La presente declaraci\u00f3n de accesibilidad se aplica al sitio web\u00a0<a href=\"https:\/\/atriumvitis.com\/\">https:\/\/atriumvitis.com\/<\/a> excluyendo los contenidos incrustados provenientes de otros dominios.<\/p>\n<h2><strong>Situaci\u00f3n de cumplimiento<\/strong><\/h2>\n<p>Este sitio web es Parcialmente conforme con el RD 1112\/2018 debido a la falta de conformidad de los aspectos que se indican a continuaci\u00f3n.<\/p>\n<h2><strong>Contenido no accesible<\/strong><\/h2>\n<p>El contenido que se recoge a continuaci\u00f3n no es accesible por los siguientes motivos:<\/p>\n<ul>\n<li>Falta de conformidad:\n<ul>\n<li>En los formularios, puede haber campos que no se hayan facilitado su rellenado a trav\u00e9s de sistemas autom\u00e1ticos \u2013 Requisito 9.1.3.5 Identificar el prop\u00f3sito de la entrada UNE-EN 301549:2022<\/li>\n<li>Puede haber elementos cuyo contraste no sea el suficiente en algunas Im\u00e1genes \u2013 Requisito 9.1.4.1 Uso del color UNE-EN 301549:2020<\/li>\n<li>Pueden existir algunos enlaces cuya funci\u00f3n u objetivo no est\u00e9n correctamente definidos &#8211; Requisito n\u00famero 9.2.4.4 Prop\u00f3sito de los enlaces de UNE-EN 301549:2020<\/li>\n<li>Pueden existir encabezados que no sean claros o breves, o que no deber\u00edan ser encabezados \u2013 Requisito n\u00famero 9.2.4.6 Encabezados y etiquetas de UNE-EN 301549:2022<\/li>\n<li>Puede haber campos de formulario donde su etiqueta no sea correcta o no exista \u2013 Requisito n\u00famero 9.3.3.2 Etiquetas o instrucciones de UNE-EN 301549:2022<\/li>\n<li>El formulario de compra, no avisa de que haya campos incorrectos o sin rellenar &#8211; Requisito n\u00famero 9.3.3.3 Sugerencias ante errores de UNE-EN 301549:2020<\/li>\n<li>Pueden existir algunos errores de parseo en el c\u00f3digo &#8211; Requisito n\u00famero 9.4.1.1 Procesamiento de UNE-EN 301549:2022<\/li>\n<li>Podr\u00edan existir fallos puntuales de edici\u00f3n en alguna p\u00e1gina web.<\/li>\n<\/ul>\n<\/li>\n<li>Carga desproporcionada: No resulta aplicable.<\/li>\n<li>El contenido no entra dentro del \u00e1mbito de la legislaci\u00f3n aplicable.<\/li>\n<\/ul>\n<p>Podr\u00edan existir archivos ofim\u00e1ticos en PDF u otros formatos publicados antes del 20 de septiembre de 2018 que no cumplan en su totalidad todos los requisitos de accesibilidad.<br \/>Puede haber contenidos de terceros que no est\u00e9n desarrollados en esta Unidad, ni bajo su control, como archivos ofim\u00e1ticos de diferentes organismos que deban publicarse en este sitio.<\/p>\n<h2><strong>Observaciones y datos de contacto<\/strong><\/h2>\n<p>Puede realizar comunicaciones sobre requisitos de accesibilidad [art\u00edculo 10.2.a) del RD 1112\/2018] como, por ejemplo:<\/p>\n<ul>\n<li>Informar sobre cualquier posible incumplimiento por parte de este sitio web.<\/li>\n<li>Transmitir otras dificultades de acceso al contenido.<\/li>\n<li>Formular cualquier otra consulta o sugerencia de mejora relativa a la accesibilidad del sitio web a trav\u00e9s del siguiente\u00a0<strong><a href=\"https:\/\/atriumvitis.com\/tiendavinos\/contacto\/\">https:\/\/atriumvitis.com\/tiendavinos\/contacto\/<\/a> <\/strong>o llamando a 610 440 692 de Lunes\u00a0 a Viernes.<\/li>\n<\/ul>\n<p>Puede presentar:<\/p>\n<ul>\n<li>Una queja relativa al cumplimiento de los requisitos del RD 1112\/2018<\/li>\n<li>Una solicitud de informaci\u00f3n accesible relativa a:\n<ul>\n<li>Contenidos que est\u00e1n excluidos del \u00e1mbito de aplicaci\u00f3n del RD 1112\/2018 seg\u00fan lo establecido por el art\u00edculo 3, apartado 4.<\/li>\n<li>Contenidos que est\u00e1n exentos del cumplimiento de los requisitos de accesibilidad por imponer una carga desproporcionada.<\/li>\n<\/ul>\n<\/li>\n<\/ul>\n<p>En la solicitud de informaci\u00f3n accesible, se debe concretar, con toda claridad, los hechos, razones y petici\u00f3n que permitan constatar que se trata de una solicitud razonable y leg\u00edtima.<\/p>\n<p><!-- \/wp:heading --><\/p>\t\t\t\t\t\t<\/div>\n\t\t\t\t<\/div>\n\t\t\t\t\t<\/div>\n\t\t<\/div>\n\t\t\t\t\t<\/div>\n\t\t<\/section>\n\t\t\t\t<\/div>\n\t\t","protected":false},"excerpt":{"rendered":"<p>Accesibilidad Pol\u00edtica de accesibilidad La particular Ana Mar\u00eda Gad\u00edn Gonz\u00e1lez se ha comprometido a hacer accesible su sitio web de conformidad con el Real Decreto 1112\/2018, de 7 de septiembre, sobre accesibilidad de los sitios web y aplicaciones para dispositivos m\u00f3viles del sector p\u00fablico, o desarrollos financiados desde Europa. La presente declaraci\u00f3n de accesibilidad se [&hellip;]<\/p>\n","protected":false},"author":1,"featured_media":0,"parent":0,"menu_order":0,"comment_status":"closed","ping_status":"closed","template":"","meta":{"ocean_post_layout":"full-width","ocean_both_sidebars_style":"","ocean_both_sidebars_content_width":0,"ocean_both_sidebars_sidebars_width":0,"ocean_sidebar":"0","ocean_second_sidebar":"0","ocean_disable_margins":"on","ocean_add_body_class":"","ocean_shortcode_before_top_bar":"","ocean_shortcode_after_top_bar":"","ocean_shortcode_before_header":"","ocean_shortcode_after_header":"","ocean_has_shortcode":"","ocean_shortcode_after_title":"","ocean_shortcode_before_footer_widgets":"","ocean_shortcode_after_footer_widgets":"","ocean_shortcode_before_footer_bottom":"","ocean_shortcode_after_footer_bottom":"","ocean_display_top_bar":"default","ocean_display_header":"default","ocean_header_style":"","ocean_center_header_left_menu":"0","ocean_custom_header_template":"0","ocean_custom_logo":0,"ocean_custom_retina_logo":0,"ocean_custom_logo_max_width":0,"ocean_custom_logo_tablet_max_width":0,"ocean_custom_logo_mobile_max_width":0,"ocean_custom_logo_max_height":0,"ocean_custom_logo_tablet_max_height":0,"ocean_custom_logo_mobile_max_height":0,"ocean_header_custom_menu":"0","ocean_menu_typo_font_family":"0","ocean_menu_typo_font_subset":"","ocean_menu_typo_font_size":0,"ocean_menu_typo_font_size_tablet":0,"ocean_menu_typo_font_size_mobile":0,"ocean_menu_typo_font_size_unit":"px","ocean_menu_typo_font_weight":"","ocean_menu_typo_font_weight_tablet":"","ocean_menu_typo_font_weight_mobile":"","ocean_menu_typo_transform":"","ocean_menu_typo_transform_tablet":"","ocean_menu_typo_transform_mobile":"","ocean_menu_typo_line_height":0,"ocean_menu_typo_line_height_tablet":0,"ocean_menu_typo_line_height_mobile":0,"ocean_menu_typo_line_height_unit":"","ocean_menu_typo_spacing":0,"ocean_menu_typo_spacing_tablet":0,"ocean_menu_typo_spacing_mobile":0,"ocean_menu_typo_spacing_unit":"","ocean_menu_link_color":"","ocean_menu_link_color_hover":"","ocean_menu_link_color_active":"","ocean_menu_link_background":"","ocean_menu_link_hover_background":"","ocean_menu_link_active_background":"","ocean_menu_social_links_bg":"","ocean_menu_social_hover_links_bg":"","ocean_menu_social_links_color":"","ocean_menu_social_hover_links_color":"","ocean_disable_title":"default","ocean_disable_heading":"default","ocean_post_title":"","ocean_post_subheading":"","ocean_post_title_style":"","ocean_post_title_background_color":"","ocean_post_title_background":0,"ocean_post_title_bg_image_position":"","ocean_post_title_bg_image_attachment":"","ocean_post_title_bg_image_repeat":"","ocean_post_title_bg_image_size":"","ocean_post_title_height":0,"ocean_post_title_bg_overlay":0.5,"ocean_post_title_bg_overlay_color":"","ocean_disable_breadcrumbs":"default","ocean_breadcrumbs_color":"","ocean_breadcrumbs_separator_color":"","ocean_breadcrumbs_links_color":"","ocean_breadcrumbs_links_hover_color":"","ocean_display_footer_widgets":"default","ocean_display_footer_bottom":"default","ocean_custom_footer_template":"0","footnotes":""},"yoast_head":"<!-- This site is optimized with the Yoast SEO plugin v14.4.1 - https:\/\/yoast.com\/wordpress\/plugins\/seo\/ -->\n<title>Declaraci\u00f3n de accesibilidad - Bodega Atrium Vitis | Vinos de parcela<\/title>\n<meta name=\"robots\" content=\"noindex, nofollow\" \/>\n<meta property=\"og:locale\" content=\"es_ES\" \/>\n<meta property=\"og:type\" content=\"article\" \/>\n<meta property=\"og:title\" content=\"Declaraci\u00f3n de accesibilidad - Bodega Atrium Vitis | Vinos de parcela\" \/>\n<meta property=\"og:description\" content=\"Accesibilidad Pol\u00edtica de accesibilidad La particular Ana Mar\u00eda Gad\u00edn Gonz\u00e1lez se ha comprometido a hacer accesible su sitio web de conformidad con el Real Decreto 1112\/2018, de 7 de septiembre, sobre accesibilidad de los sitios web y aplicaciones para dispositivos m\u00f3viles del sector p\u00fablico, o desarrollos financiados desde Europa. La presente declaraci\u00f3n de accesibilidad se [&hellip;]\" \/>\n<meta property=\"og:url\" content=\"https:\/\/atriumvitis.com\/tiendavinos\/declaracion-de-accesibilidad\/\" \/>\n<meta property=\"og:site_name\" content=\"Bodega Atrium Vitis | Vinos de parcela\" \/>\n<meta property=\"article:modified_time\" content=\"2024-03-07T12:47:23+00:00\" \/>\n<meta name=\"twitter:card\" content=\"summary_large_image\" \/>\n<script type=\"application\/ld+json\" class=\"yoast-schema-graph\">{\"@context\":\"https:\/\/schema.org\",\"@graph\":[{\"@type\":\"Organization\",\"@id\":\"https:\/\/atriumvitis.com\/tiendavinos\/#organization\",\"name\":\"Atrium Vitis Bodega\",\"url\":\"https:\/\/atriumvitis.com\/tiendavinos\/\",\"sameAs\":[],\"logo\":{\"@type\":\"ImageObject\",\"@id\":\"https:\/\/atriumvitis.com\/tiendavinos\/#logo\",\"inLanguage\":\"es\",\"url\":\"https:\/\/atriumvitis.com\/tiendavinos\/wp-content\/uploads\/2020\/04\/logo_atriumvitis_46Kb-200px_ancho.png\",\"width\":200,\"height\":185,\"caption\":\"Atrium Vitis Bodega\"},\"image\":{\"@id\":\"https:\/\/atriumvitis.com\/tiendavinos\/#logo\"}},{\"@type\":\"WebSite\",\"@id\":\"https:\/\/atriumvitis.com\/tiendavinos\/#website\",\"url\":\"https:\/\/atriumvitis.com\/tiendavinos\/\",\"name\":\"Bodega Atrium Vitis | Vinos de parcela\",\"description\":\"Vinos de Ribeira Sacra elaborados por Bodega Atrium Vitis\",\"publisher\":{\"@id\":\"https:\/\/atriumvitis.com\/tiendavinos\/#organization\"},\"potentialAction\":[{\"@type\":\"SearchAction\",\"target\":\"https:\/\/atriumvitis.com\/tiendavinos\/?s={search_term_string}\",\"query-input\":\"required name=search_term_string\"}],\"inLanguage\":\"es\"},{\"@type\":\"WebPage\",\"@id\":\"https:\/\/atriumvitis.com\/tiendavinos\/declaracion-de-accesibilidad\/#webpage\",\"url\":\"https:\/\/atriumvitis.com\/tiendavinos\/declaracion-de-accesibilidad\/\",\"name\":\"Declaraci\\u00f3n de accesibilidad - Bodega Atrium Vitis | Vinos de parcela\",\"isPartOf\":{\"@id\":\"https:\/\/atriumvitis.com\/tiendavinos\/#website\"},\"datePublished\":\"2024-03-07T12:44:23+00:00\",\"dateModified\":\"2024-03-07T12:47:23+00:00\",\"inLanguage\":\"es\",\"potentialAction\":[{\"@type\":\"ReadAction\",\"target\":[\"https:\/\/atriumvitis.com\/tiendavinos\/declaracion-de-accesibilidad\/\"]}]}]}<\/script>\n<!-- \/ Yoast SEO plugin. -->","_links":{"self":[{"href":"https:\/\/atriumvitis.com\/tiendavinos\/wp-json\/wp\/v2\/pages\/8781"}],"collection":[{"href":"https:\/\/atriumvitis.com\/tiendavinos\/wp-json\/wp\/v2\/pages"}],"about":[{"href":"https:\/\/atriumvitis.com\/tiendavinos\/wp-json\/wp\/v2\/types\/page"}],"author":[{"embeddable":true,"href":"https:\/\/atriumvitis.com\/tiendavinos\/wp-json\/wp\/v2\/users\/1"}],"replies":[{"embeddable":true,"href":"https:\/\/atriumvitis.com\/tiendavinos\/wp-json\/wp\/v2\/comments?post=8781"}],"version-history":[{"count":4,"href":"https:\/\/atriumvitis.com\/tiendavinos\/wp-json\/wp\/v2\/pages\/8781\/revisions"}],"predecessor-version":[{"id":8785,"href":"https:\/\/atriumvitis.com\/tiendavinos\/wp-json\/wp\/v2\/pages\/8781\/revisions\/8785"}],"wp:attachment":[{"href":"https:\/\/atriumvitis.com\/tiendavinos\/wp-json\/wp\/v2\/media?parent=8781"}],"curies":[{"name":"wp","href":"https:\/\/api.w.org\/{rel}","templated":true}]}}

Declaración de accesibilidad

<div data-elementor-type="wp-page" data-elementor-id="8781" class="elementor elementor-8781">
						<section class="elementor-section elementor-top-section elementor-element elementor-element-6de2c777 elementor-section-boxed elementor-section-height-default elementor-section-height-default" data-id="6de2c777" data-element_type="section">
						<div class="elementor-container elementor-column-gap-default">
					<div class="elementor-column elementor-col-100 elementor-top-column elementor-element elementor-element-38535d78" data-id="38535d78" data-element_type="column">
			<div class="elementor-widget-wrap elementor-element-populated">
						<div class="elementor-element elementor-element-b0732fd elementor-widget elementor-widget-heading" data-id="b0732fd" data-element_type="widget" data-widget_type="heading.default">
				<div class="elementor-widget-container">
			<h1 class="elementor-heading-title elementor-size-default">Accesibilidad</h1>		</div>
				</div>
				<div class="elementor-element elementor-element-16534e2f elementor-widget elementor-widget-text-editor" data-id="16534e2f" data-element_type="widget" data-widget_type="text-editor.default">
				<div class="elementor-widget-container">
							<p><!-- wp:heading --></p>
<h2><strong>Política de accesibilidad</strong></h2>
<p>La particular Ana María Gadín González se ha comprometido a hacer accesible su sitio web de conformidad con el Real Decreto 1112/2018, de 7 de septiembre, sobre accesibilidad de los sitios web y aplicaciones para dispositivos móviles del sector público, o desarrollos financiados desde Europa.</p>
<p>La presente declaración de accesibilidad se aplica al sitio web <a href="https://atriumvitis.com/">https://atriumvitis.com/</a> excluyendo los contenidos incrustados provenientes de otros dominios.</p>
<h2><strong>Situación de cumplimiento</strong></h2>
<p>Este sitio web es Parcialmente conforme con el RD 1112/2018 debido a la falta de conformidad de los aspectos que se indican a continuación.</p>
<h2><strong>Contenido no accesible</strong></h2>
<p>El contenido que se recoge a continuación no es accesible por los siguientes motivos:</p>
<ul>
<li>Falta de conformidad:
<ul>
<li>En los formularios, puede haber campos que no se hayan facilitado su rellenado a través de sistemas automáticos – Requisito 9.1.3.5 Identificar el propósito de la entrada UNE-EN 301549:2022</li>
<li>Puede haber elementos cuyo contraste no sea el suficiente en algunas Imágenes – Requisito 9.1.4.1 Uso del color UNE-EN 301549:2020</li>
<li>Pueden existir algunos enlaces cuya función u objetivo no estén correctamente definidos &#8211; Requisito número 9.2.4.4 Propósito de los enlaces de UNE-EN 301549:2020</li>
<li>Pueden existir encabezados que no sean claros o breves, o que no deberían ser encabezados – Requisito número 9.2.4.6 Encabezados y etiquetas de UNE-EN 301549:2022</li>
<li>Puede haber campos de formulario donde su etiqueta no sea correcta o no exista – Requisito número 9.3.3.2 Etiquetas o instrucciones de UNE-EN 301549:2022</li>
<li>El formulario de compra, no avisa de que haya campos incorrectos o sin rellenar &#8211; Requisito número 9.3.3.3 Sugerencias ante errores de UNE-EN 301549:2020</li>
<li>Pueden existir algunos errores de parseo en el código &#8211; Requisito número 9.4.1.1 Procesamiento de UNE-EN 301549:2022</li>
<li>Podrían existir fallos puntuales de edición en alguna página web.</li>
</ul>
</li>
<li>Carga desproporcionada: No resulta aplicable.</li>
<li>El contenido no entra dentro del ámbito de la legislación aplicable.</li>
</ul>
<p>Podrían existir archivos ofimáticos en PDF u otros formatos publicados antes del 20 de septiembre de 2018 que no cumplan en su totalidad todos los requisitos de accesibilidad.<br />Puede haber contenidos de terceros que no estén desarrollados en esta Unidad, ni bajo su control, como archivos ofimáticos de diferentes organismos que deban publicarse en este sitio.</p>
<h2><strong>Observaciones y datos de contacto</strong></h2>
<p>Puede realizar comunicaciones sobre requisitos de accesibilidad [artículo 10.2.a) del RD 1112/2018] como, por ejemplo:</p>
<ul>
<li>Informar sobre cualquier posible incumplimiento por parte de este sitio web.</li>
<li>Transmitir otras dificultades de acceso al contenido.</li>
<li>Formular cualquier otra consulta o sugerencia de mejora relativa a la accesibilidad del sitio web a través del siguiente <strong><a href="https://atriumvitis.com/tiendavinos/contacto/">https://atriumvitis.com/tiendavinos/contacto/</a> </strong>o llamando a 610 440 692 de Lunes  a Viernes.</li>
</ul>
<p>Puede presentar:</p>
<ul>
<li>Una queja relativa al cumplimiento de los requisitos del RD 1112/2018</li>
<li>Una solicitud de información accesible relativa a:
<ul>
<li>Contenidos que están excluidos del ámbito de aplicación del RD 1112/2018 según lo establecido por el artículo 3, apartado 4.</li>
<li>Contenidos que están exentos del cumplimiento de los requisitos de accesibilidad por imponer una carga desproporcionada.</li>
</ul>
</li>
</ul>
<p>En la solicitud de información accesible, se debe concretar, con toda claridad, los hechos, razones y petición que permitan constatar que se trata de una solicitud razonable y legítima.</p>
<p><!-- /wp:heading --></p>						</div>
				</div>
					</div>
		</div>
					</div>
		</section>
				</div>

<p>Accesibilidad Política de accesibilidad La particular Ana María Gadín González se ha comprometido a hacer accesible su sitio web de conformidad con el Real Decreto 1112/2018, de 7 de septiembre, sobre accesibilidad de los sitios web y aplicaciones para dispositivos móviles del sector público, o desarrollos financiados desde Europa. La presente declaración de accesibilidad se [&hellip;]</p>

<!-- This site is optimized with the Yoast SEO plugin v14.4.1 - https://yoast.com/wordpress/plugins/seo/ -->
<title>Declaración de accesibilidad - Bodega Atrium Vitis | Vinos de parcela</title>
<meta name="robots" content="noindex, nofollow" />
<meta property="og:locale" content="es_ES" />
<meta property="og:type" content="article" />
<meta property="og:title" content="Declaración de accesibilidad - Bodega Atrium Vitis | Vinos de parcela" />
<meta property="og:description" content="Accesibilidad Política de accesibilidad La particular Ana María Gadín González se ha comprometido a hacer accesible su sitio web de conformidad con el Real Decreto 1112/2018, de 7 de septiembre, sobre accesibilidad de los sitios web y aplicaciones para dispositivos móviles del sector público, o desarrollos financiados desde Europa. La presente declaración de accesibilidad se [&hellip;]" />
<meta property="og:url" content="https://atriumvitis.com/tiendavinos/declaracion-de-accesibilidad/" />
<meta property="og:site_name" content="Bodega Atrium Vitis | Vinos de parcela" />
<meta property="article:modified_time" content="2024-03-07T12:47:23+00:00" />
<meta name="twitter:card" content="summary_large_image" />
<script type="application/ld+json" class="yoast-schema-graph">{"@context":"https://schema.org","@graph":[{"@type":"Organization","@id":"https://atriumvitis.com/tiendavinos/#organization","name":"Atrium Vitis Bodega","url":"https://atriumvitis.com/tiendavinos/","sameAs":[],"logo":{"@type":"ImageObject","@id":"https://atriumvitis.com/tiendavinos/#logo","inLanguage":"es","url":"https://atriumvitis.com/tiendavinos/wp-content/uploads/2020/04/logo_atriumvitis_46Kb-200px_ancho.png","width":200,"height":185,"caption":"Atrium Vitis Bodega"},"image":{"@id":"https://atriumvitis.com/tiendavinos/#logo"}},{"@type":"WebSite","@id":"https://atriumvitis.com/tiendavinos/#website","url":"https://atriumvitis.com/tiendavinos/","name":"Bodega Atrium Vitis | Vinos de parcela","description":"Vinos de Ribeira Sacra elaborados por Bodega Atrium Vitis","publisher":{"@id":"https://atriumvitis.com/tiendavinos/#organization"},"potentialAction":[{"@type":"SearchAction","target":"https://atriumvitis.com/tiendavinos/?s={search_term_string}","query-input":"required name=search_term_string"}],"inLanguage":"es"},{"@type":"WebPage","@id":"https://atriumvitis.com/tiendavinos/declaracion-de-accesibilidad/#webpage","url":"https://atriumvitis.com/tiendavinos/declaracion-de-accesibilidad/","name":"Declaraci\u00f3n de accesibilidad - Bodega Atrium Vitis | Vinos de parcela","isPartOf":{"@id":"https://atriumvitis.com/tiendavinos/#website"},"datePublished":"2024-03-07T12:44:23+00:00","dateModified":"2024-03-07T12:47:23+00:00","inLanguage":"es","potentialAction":[{"@type":"ReadAction","target":["https://atriumvitis.com/tiendavinos/declaracion-de-accesibilidad/"]}]}]}</script>
<!-- / Yoast SEO plugin. -->
